t is the tens digit of 6643?
4
What is the hundreds digit of 38646?
6
What is the units digit of 4816?
6
What is the hundreds digit of 1125?
1
What is the ten thousands digit of 156297?
5
What is the thousands digit of 3285?
3
What is the thousands digit of 3889?
3
What is the tens digit of 42014?
1
What is the tens digit of 20428?
2
What is the thousands digit of 6433?
6
What is the tens digit of 15?
1
What is the tens digit of 26634?
3
What is the hundreds digit of 560?
5
What is the units digit of 40247?
7
What is the units digit of 74222?
2
What is the tens digit of 4294?
9
What is the units digit of 801?
1
What is the tens digit of 804?
0
What is the units digit of 18744?
4
What is the units digit of 1005?
5
What is the thousands digit of 170628?
0
What is the thousands digit of 31228?
1
What is the tens digit of 1267?
6
What is the units digit of 4184?
4
What is the tens digit of 58364?
6
What is the thousands digit of 52496?
2
What is the hundreds digit of 5076?
0
What is the hundreds digit of 5203?
2
What is the units digit of 4067?
7
What is the hundreds digit of 1313?
3
What is the hundreds digit of 2589?
5
What is the tens digit of 8490?
9
What is the units digit of 35645?
5
What is the thousands digit of 1599?
1
What is the tens digit of 848?
4
What is the units digit of 10166?
6
What is the hundreds digit of 555?
5
What is the ten thousands digit of 11592?
1
What is the hundreds digit of 1679?
6
What is the tens digit of 374?
7
What is the tens digit of 2279?
7
What is the ten thousands digit of 11796?
1
What is the units digit of 3658?
8
What is the tens digit of 940?
4
What is the tens digit of 588?
8
What is the tens digit of 3805?
0
What is the ten thousands digit of 11088?
1
What is the hundreds digit of 2187?
1
What is the tens digit of 2034?
3
What is the hundreds digit of 290?
2
What is the thousands digit of 1865?
1
What is the tens digit of 1972?
7
What is the thousands digit of 3319?
3
What is the units digit of 27?
7
What is the hundreds digit of 8981?
9
What is the units digit of 1127?
7
What is the tens digit of 58032?
3
What is the hundreds digit of 292?
2
What is the units digit of 628?
8
What is the units digit of 17862?
2
What is the tens digit of 3682?
8
What is the hundreds digit of 18652?
6
What is the tens digit of 15069?
6
What is the tens digit of 799?
9
What is the units digit of 20540?
0
What is the units digit of 1252?
2
What is the thousands digit of 78845?
8
What is the units digit of 32?
2
What is the tens digit of 1221?
2
What is the tens digit of 2871?
7
What is the thousands digit of 14821?
4
What is the units digit of 10359?
9
What is the thousands digit of 21311?
1
What is the tens digit of 8480?
8
What is the ten thousands digit of 13477?
1
What is the units digit of 993?
3
What is the hundreds digit of 5871?
8
What is the ten thousands digit of 54977?
5
What is the hundreds digit of 43153?
1
What is the ten thousands digit of 26187?
2
What is the hundreds digit of 2775?
7
What is the thousands digit of 12658?
2
What is the units digit of 2470?
0
What is the tens digit of 760?
6
What is the tens digit of 781?
8
What is the units digit of 120688?
8
What is the thousands digit of 8405?
8
What is the tens digit of 48469?
6
What is the units digit of 10176?
6
What is the tens digit of 798?
9
What is the hundreds digit of 9598?
5
What is the tens digit of 151128?
2
What is the thousands digit of 4433?
4
What is the thousands digit of 4305?
4
What is the tens digit of 26145?
4
What is the tens digit of 1224?
2
What is the thousands digit of 6995?
6
What is the thousands digit of 3125?
3
What is the hundreds digit of 2909?
9
What is the ten thousands digit of 14385?
1
What is the hundreds digit of 92520?
5
What is the thousands digit of 10885?
0
What is the thousands digit of 8485?
8
What is the tens digit of 2050?
5
What is the thousands digit of 62626?
2
What is the ten thousands digit of 11005?
1
What is the hundreds digit of 7051?
0
What is the units digit of 42107?
7
What is the units digit of 30800?
0
What is the ten thousands digit of 11036?
1
What is the hundreds digit of 1192?
1
What is the hundreds digit of 21897?
8
What is the units digit of 126975?
5
What is the tens digit of 58796?
9
What is the tens digit of 1939?
3
What is the tens digit of 49950?
5
What is the hundreds digit of 1880?
8
What is the thousands digit of 1039?
1
What is the hundreds digit of 8826?
8
What is the units digit of 839?
9
What is the hundreds digit of 13463?
4
What is the tens digit of 14174?
7
What is the tens digit of 1160?
6
What is the hundreds digit of 109714?
7
What is the ten thousands digit of 31374?
3
What is the thousands digit of 11782?
1
What is the hundreds digit of 47800?
8
What is the tens digit of 22972?
7
What is the ten thousands digit of 25226?
2
What is the tens digit of 37933?
3
What is the hundreds digit of 130916?
9
What is the tens digit of 23803?
0
What is the tens digit of 2586?
8
What is the thousands digit of 7825?
7
What is the units digit of 19446?
6
What is the hundreds digit of 7163?
1
What is the tens digit of 207?
0
What is the units digit of 72500?
0
What is the tens digit of 1474?
7
What is the tens digit of 2142?
4
What is the units digit of 44749?
9
What is the thousands digit of 23430?
3
What is the hundreds digit of 108?
1
What is the tens digit of 9167?
6
What is the hundreds digit of 9876?
8
What is the hundreds digit of 1852?
8
What is the units digit of 8895?
5
What is the hundreds digit of 36883?
8
What is the thousands digit of 1071?
1
What is the ten thousands digit of 18136?
1
What is the units digit of 4104?
4
What is the ten thousands digit of 22778?
2
What is the units digit of 23332?
2
What is the hundreds digit of 44604?
6
What is the tens digit of 21633?
3
What is the hundreds digit of 40082?
0
What is the tens digit of 3045?
4
What is the tens digit of 6398?
9
What is the units digit of 415?
5
What is the units digit of 1940?
0
What is the thousands digit of 1015?
1
What is the thousands digit of 37156?
7
What is the tens digit of 2317?
1
What is the thousands digit of 6749?
6
What is the hundreds digit of 160463?
4
What is the thousands digit of 4106?
4
What is the tens digit of 6912?
1
What is the tens digit of 890?
9
What is the ten thousands digit of 12336?
1
What is the hundreds digit of 3464?
4
What is the hundreds digit of 1025?
0
What is the tens digit of 9000?
0
What is the units digit of 506?
6
What is the hundreds digit of 928?
9
What is the thousands digit of 2780?
2
What is the hundreds digit of 39353?
3
What is the tens digit of 1776?
7
What is the units digit of 17054?
4
What is the ten thousands digit of 10893?
1
What is the tens digit of 4248?
4
What is the thousands digit of 8483?
8
What is the units digit of 1561?
1
What is the tens digit of 5970?
7
What is the tens digit of 122363?
6
What is the tens digit of 898?
9
What is the units digit of 1384?
4
What is the units digit of 194?
4
What is the tens digit of 288?
8
What is the tens digit of 844?
4
What is the units digit of 7883?
3
What is the tens digit of 3919?
1
What is the units digit of 7943?
3
What is the tens digit of 93372?
7
What is the thousands digit of 3215?
3
What is the thousands digit of 5013?
5
What is the tens digit of 643?
4
What is the units digit of 1039?
9
What is the tens digit of 827?
2
What is the tens digit of 65?
6
What is the thousands digit of 13662?
3
What is the ten thousands digit of 149989?
4
What is the ten thousands digit of 45998?
4
What is the tens digit of 22423?
2
What is the tens digit of 933?
3
What is the hundreds digit of 533?
5
What is the hundreds digit of 11492?
4
What is the units digit of 85602?
2
What is the tens digit of 463?
6
What is the hundreds digit of 24057?
0
What is the hundreds digit of 61016?
0
What is the hundreds digit of 6046?
0
What is the units digit of 137?
7
What is the hundreds digit of 1171?
1
What is the tens digit of 656?
5
What is the hundreds digit of 58959?
9
What is the ten thousands digit of 13595?
1
What is the units digit of 12679?
9
What is the units digit of 25359?
9
What is the thousands digit of 14947?
4
What is the tens digit of 24323?
2
What is the tens digit of 15171?
7
What is the thousands digit of 2